{"id":3961,"date":"2026-01-05T11:58:24","date_gmt":"2026-01-05T10:58:24","guid":{"rendered":"https:\/\/www.repaircafepibrac.org\/?page_id=3961"},"modified":"2026-01-20T11:13:14","modified_gmt":"2026-01-20T10:13:14","slug":"reparabilite-un-exemple","status":"publish","type":"page","link":"https:\/\/www.repaircafepibrac.org\/index.php\/reparabilite-un-exemple\/","title":{"rendered":"Reparabilit\u00e9 un exemple"},"content":{"rendered":"\n<p class=\"has-vivid-red-color has-text-color has-link-color has-large-font-size wp-elements-b9d105a9ae8948502204fc805382a0f3 wp-block-paragraph\"><strong>Service apr\u00e8s-vente et r\u00e9parabilit\u00e9: Un moment de v\u00e9rit\u00e9<\/strong><\/p>\n\n\n\n<p class=\"wp-block-paragraph\">Voici une petite histoire que j&#8217;ai v\u00e9cue tr\u00e8s r\u00e9cemment et qui peut int\u00e9resser les consommateurs et aussi les auto-r\u00e9parateurs que nous sommes. Je ne vais pas nommer le vendeur et le fabricant de l&#8217;appareil en question car je pense que cette histoire est assez repr\u00e9sentative du rapport de force actuel entre <em>consommateurs<\/em> et <em>vendeurs\/fabricants.<\/em><\/p>\n\n\n\n<p class=\"has-vivid-red-color has-text-color has-link-color wp-elements-9b933cf9c4698bddf47d9c5b009f50f8 wp-block-paragraph\"><strong>L&#8217;histoire:<\/strong><\/p>\n\n\n\n<p class=\"wp-block-paragraph\">Un ami m&#8217;a confi\u00e9 une tondeuse \u00e0 batterie en panne qu\u2019il a achet\u00e9e en 2021. J&#8217;ai rapidement localis\u00e9 le composant d\u00e9fectueux comme \u00e9tant le module \u00e9lectronique de contr\u00f4le du moteur. Ce module est irr\u00e9parable car noy\u00e9 dans de la r\u00e9sine. La seule solution pour donner une seconde vie \u00e0 la tondeuse est de se procurer un module de rechange.<\/p>\n\n\n\n<p class=\"wp-block-paragraph\"><strong>Recherche de la pi\u00e8ce de rechange :<\/strong><\/p>\n\n\n\n<ol class=\"wp-block-list\">\n<li>Recherche sur internet: j&#8217;arrive \u00e0 trouver la r\u00e9f\u00e9rence du module mais aucune disponibilit\u00e9 sur les sites de ventes de pi\u00e8ces d\u00e9tach\u00e9es.<\/li>\n\n\n\n<li>Visite au service apr\u00e8s vente du vendeur de la tondeuse qui me demande de contacter un fournisseur de pi\u00e8ces de rechange&nbsp;.<\/li>\n\n\n\n<li>Le fournisseur de pi\u00e8ces de rechange m\u2019indique qu\u2019il ne fournit pas ce module m\u00eame si cette tondeuse est r\u00e9pertori\u00e9e dans son catalogue.<\/li>\n\n\n\n<li>Revisite au service apr\u00e8s vente du vendeur qui me demande cette fois de m&#8217;adresser directement au fabricant de la tondeuse.<\/li>\n\n\n\n<li>Je contacte le fabricant qui m&#8217;indique ne pas fournir de pi\u00e8ces au-del\u00e0 de leur garantie commerciale de 3 ans et me conseille d&#8217;acheter une autre\u00a0 tondeuse ou de me d\u00e9brouiller avec un d\u00e9panneur.<\/li>\n<\/ol>\n\n\n\n<p class=\"has-vivid-red-color has-text-color has-link-color wp-elements-5bd44b33a870d78e3569ad34a0162d0a wp-block-paragraph\"><strong>Comment l&#8217;affaire a \u00e9t\u00e9 r\u00e9solue&nbsp;:<\/strong><\/p>\n\n\n\n<p class=\"wp-block-paragraph\">Comme la r\u00e9ponse du vendeur n\u2019est pas en ligne avec la politique affich\u00e9e sur un article de son site internet dont le titre est R\u00e9parer Plut\u00f4t que Jeter, je consulte en d\u00e9tails la description de cette tondeuse qui est toujours commercialis\u00e9e. Je peux noter les indices et labels suivants&nbsp;:<\/p>\n\n\n\n<figure class=\"wp-block-image size-full\"><img loading=\"lazy\" decoding=\"async\" width=\"523\" height=\"156\" src=\"https:\/\/www.repaircafepibrac.org\/wp-content\/uploads\/2026\/01\/LabelsGreenworks.png\" alt=\"\" class=\"wp-image-3969\" srcset=\"https:\/\/www.repaircafepibrac.org\/wp-content\/uploads\/2026\/01\/LabelsGreenworks.png 523w, https:\/\/www.repaircafepibrac.org\/wp-content\/uploads\/2026\/01\/LabelsGreenworks-300x89.png 300w\" sizes=\"auto, (max-width: 523px) 100vw, 523px\" \/><\/figure>\n\n\n\n<ul class=\"wp-block-list\">\n<li>Garantie commerciale de 3 ans (la garantie l\u00e9gale est de 2 ans)<\/li>\n\n\n\n<li>Indice de r\u00e9parabilit\u00e9 de 9.1\/10<\/li>\n\n\n\n<li>Label disponibilit\u00e9 pi\u00e8ces d\u00e9tach\u00e9es de 5 ans<\/li>\n<\/ul>\n\n\n\n<p class=\"wp-block-paragraph\">L\u2019indice de r\u00e9parabilit\u00e9 est de 9.1\/10, ce qui est une tr\u00e8s bonne note. Un logo \u00e0 peine lisible indique: 5 ans de disponibilit\u00e9 des pi\u00e8ces d\u00e9tach\u00e9es \u00e0 partir de la date d&#8217;achat. J\u2019ai donc tous les arguments pour commander mon module \u00e9lectronique de contr\u00f4le et il n\u2019est pas question que je me contente de la r\u00e9ponse n\u00e9gative que j\u2019ai obtenue jusqu\u2019\u00e0 pr\u00e9sent. J\u2019ai envoy\u00e9 un message au vendeur et au fabriquant pour leur rappeler leurs promesses et la l\u00e9gislation en vigueur concernant l\u2019indice de r\u00e9parabilit\u00e9.<\/p>\n\n\n\n<p class=\"wp-block-paragraph\">Il m\u2019a quand m\u00eame fallu 3 semaines avec plusieurs \u00e9changes pour obtenir une r\u00e9ponse positive \u00e0 la fois du vendeur et du fabricant et enfin r\u00e9cup\u00e9rer un module de rechange.<\/p>\n\n\n\n<p class=\"wp-block-paragraph\"><strong>Ce que nous dit cette petite <\/strong><strong>exp\u00e9rience <\/strong><strong>et quel<\/strong><strong>s <\/strong><strong>enseignement<\/strong><strong>s <\/strong><strong>peut-on en tirer:<\/strong><\/p>\n\n\n\n<ul class=\"wp-block-list\">\n<li>Il y a un \u00e9cart important entre les promesses, les politiques affich\u00e9es et la pratique v\u00e9cue.<\/li>\n\n\n\n<li>Dans ce cas concret, les lois\/d\u00e9crets ne sont pas appliqu\u00e9s, volontairement ou involontairement (un peu des deux je pense). Combien de clients n&#8217;\u00e9tant pas au courant des lois\/d\u00e9crets\/indices se contentent d&#8217;une r\u00e9ponse n\u00e9gative ?<\/li>\n\n\n\n<li>Il y a aussi certainement\u00a0un probl\u00e8me de formation ou d&#8217;information\u00a0 du personnel chez les vendeurs sur ces sujets, j&#8217;ai fait des tests aupr\u00e8s du personnel du vendeur et souvent il ne connait pas la r\u00e9ponse,\u00a0ou ne donne pas la bonne. J&#8217;ai m\u00eame eu une cette r\u00e9ponse du responsable de SAV : on ne peut pas tout savoir.<\/li>\n<\/ul>\n\n\n\n<p class=\"has-vivid-red-color has-text-color has-link-color wp-elements-1c3ed0d177400a9dbd7a59611189d33b wp-block-paragraph\"><strong>Conclusion:<\/strong><\/p>\n\n\n\n<p class=\"has-background-color has-vivid-red-background-color has-text-color has-background has-link-color wp-elements-5cea64543f8e326bb851f61206cc631a wp-block-paragraph\"><strong>Conna\u00eetre ses droits, les indices de r\u00e9parabilit\u00e9 et les garanties aident \u00e0 mieux choisir ses appareils et \u00e0 les faire r\u00e9parer plut\u00f4t que les remplacer.<\/strong><br><strong>Les garanties l\u00e9gales et commerciales offrent aujourd\u2019hui une protection plus longue et des services utiles en cas de panne<\/strong> .<\/p>\n","protected":false},"excerpt":{"rendered":"<p>Service apr\u00e8s-vente et r\u00e9parabilit\u00e9: Un moment de v\u00e9rit\u00e9 Voici une petite histoire que j&#8217;ai v\u00e9cue tr\u00e8s r\u00e9cemment et qui peut int\u00e9resser les consommateurs et aussi les auto-r\u00e9parateurs que nous sommes. Je ne vais pas nommer le vendeur et le fabricant de l&#8217;appareil en question car je pense que cette histoire est assez repr\u00e9sentative du rapport [&hellip;]<\/p>\n","protected":false},"author":3,"featured_media":0,"parent":0,"menu_order":0,"comment_status":"closed","ping_status":"closed","template":"wp-custom-template-page-cafe-bricol","meta":{"_crdt_document":"","footnotes":""},"class_list":["post-3961","page","type-page","status-publish","hentry"],"_links":{"self":[{"href":"https:\/\/www.repaircafepibrac.org\/index.php\/wp-json\/wp\/v2\/pages\/3961","targetHints":{"allow":["GET"]}}],"collection":[{"href":"https:\/\/www.repaircafepibrac.org\/index.php\/wp-json\/wp\/v2\/pages"}],"about":[{"href":"https:\/\/www.repaircafepibrac.org\/index.php\/wp-json\/wp\/v2\/types\/page"}],"author":[{"embeddable":true,"href":"https:\/\/www.repaircafepibrac.org\/index.php\/wp-json\/wp\/v2\/users\/3"}],"replies":[{"embeddable":true,"href":"https:\/\/www.repaircafepibrac.org\/index.php\/wp-json\/wp\/v2\/comments?post=3961"}],"version-history":[{"count":14,"href":"https:\/\/www.repaircafepibrac.org\/index.php\/wp-json\/wp\/v2\/pages\/3961\/revisions"}],"predecessor-version":[{"id":4108,"href":"https:\/\/www.repaircafepibrac.org\/index.php\/wp-json\/wp\/v2\/pages\/3961\/revisions\/4108"}],"wp:attachment":[{"href":"https:\/\/www.repaircafepibrac.org\/index.php\/wp-json\/wp\/v2\/media?parent=3961"}],"curies":[{"name":"wp","href":"https:\/\/api.w.org\/{rel}","templated":true}]}}

Reparabilité un exemple

<p class="has-vivid-red-color has-text-color has-link-color has-large-font-size wp-elements-b9d105a9ae8948502204fc805382a0f3 wp-block-paragraph"><strong>Service après-vente et réparabilité: Un moment de vérité</strong></p>



<p class="wp-block-paragraph">Voici une petite histoire que j&#8217;ai vécue très récemment et qui peut intéresser les consommateurs et aussi les auto-réparateurs que nous sommes. Je ne vais pas nommer le vendeur et le fabricant de l&#8217;appareil en question car je pense que cette histoire est assez représentative du rapport de force actuel entre <em>consommateurs</em> et <em>vendeurs/fabricants.</em></p>



<p class="has-vivid-red-color has-text-color has-link-color wp-elements-9b933cf9c4698bddf47d9c5b009f50f8 wp-block-paragraph"><strong>L&#8217;histoire:</strong></p>



<p class="wp-block-paragraph">Un ami m&#8217;a confié une tondeuse à batterie en panne qu’il a achetée en 2021. J&#8217;ai rapidement localisé le composant défectueux comme étant le module électronique de contrôle du moteur. Ce module est irréparable car noyé dans de la résine. La seule solution pour donner une seconde vie à la tondeuse est de se procurer un module de rechange.</p>



<p class="wp-block-paragraph"><strong>Recherche de la pièce de rechange :</strong></p>



<ol class="wp-block-list">
<li>Recherche sur internet: j&#8217;arrive à trouver la référence du module mais aucune disponibilité sur les sites de ventes de pièces détachées.</li>



<li>Visite au service après vente du vendeur de la tondeuse qui me demande de contacter un fournisseur de pièces de rechange&nbsp;.</li>



<li>Le fournisseur de pièces de rechange m’indique qu’il ne fournit pas ce module même si cette tondeuse est répertoriée dans son catalogue.</li>



<li>Revisite au service après vente du vendeur qui me demande cette fois de m&#8217;adresser directement au fabricant de la tondeuse.</li>



<li>Je contacte le fabricant qui m&#8217;indique ne pas fournir de pièces au-delà de leur garantie commerciale de 3 ans et me conseille d&#8217;acheter une autre  tondeuse ou de me débrouiller avec un dépanneur.</li>
</ol>



<p class="has-vivid-red-color has-text-color has-link-color wp-elements-5bd44b33a870d78e3569ad34a0162d0a wp-block-paragraph"><strong>Comment l&#8217;affaire a été résolue&nbsp;:</strong></p>



<p class="wp-block-paragraph">Comme la réponse du vendeur n’est pas en ligne avec la politique affichée sur un article de son site internet dont le titre est Réparer Plutôt que Jeter, je consulte en détails la description de cette tondeuse qui est toujours commercialisée. Je peux noter les indices et labels suivants&nbsp;:</p>



<figure class="wp-block-image size-full"><img loading="lazy" decoding="async" width="523" height="156" src="https://www.repaircafepibrac.org/wp-content/uploads/2026/01/LabelsGreenworks.png" alt="" class="wp-image-3969" srcset="https://www.repaircafepibrac.org/wp-content/uploads/2026/01/LabelsGreenworks.png 523w, https://www.repaircafepibrac.org/wp-content/uploads/2026/01/LabelsGreenworks-300x89.png 300w" sizes="auto, (max-width: 523px) 100vw, 523px" /></figure>



<ul class="wp-block-list">
<li>Garantie commerciale de 3 ans (la garantie légale est de 2 ans)</li>



<li>Indice de réparabilité de 9.1/10</li>



<li>Label disponibilité pièces détachées de 5 ans</li>
</ul>



<p class="wp-block-paragraph">L’indice de réparabilité est de 9.1/10, ce qui est une très bonne note. Un logo à peine lisible indique: 5 ans de disponibilité des pièces détachées à partir de la date d&#8217;achat. J’ai donc tous les arguments pour commander mon module électronique de contrôle et il n’est pas question que je me contente de la réponse négative que j’ai obtenue jusqu’à présent. J’ai envoyé un message au vendeur et au fabriquant pour leur rappeler leurs promesses et la législation en vigueur concernant l’indice de réparabilité.</p>



<p class="wp-block-paragraph">Il m’a quand même fallu 3 semaines avec plusieurs échanges pour obtenir une réponse positive à la fois du vendeur et du fabricant et enfin récupérer un module de rechange.</p>



<p class="wp-block-paragraph"><strong>Ce que nous dit cette petite </strong><strong>expérience </strong><strong>et quel</strong><strong>s </strong><strong>enseignement</strong><strong>s </strong><strong>peut-on en tirer:</strong></p>



<ul class="wp-block-list">
<li>Il y a un écart important entre les promesses, les politiques affichées et la pratique vécue.</li>



<li>Dans ce cas concret, les lois/décrets ne sont pas appliqués, volontairement ou involontairement (un peu des deux je pense). Combien de clients n&#8217;étant pas au courant des lois/décrets/indices se contentent d&#8217;une réponse négative ?</li>



<li>Il y a aussi certainement un problème de formation ou d&#8217;information  du personnel chez les vendeurs sur ces sujets, j&#8217;ai fait des tests auprès du personnel du vendeur et souvent il ne connait pas la réponse, ou ne donne pas la bonne. J&#8217;ai même eu une cette réponse du responsable de SAV : on ne peut pas tout savoir.</li>
</ul>



<p class="has-vivid-red-color has-text-color has-link-color wp-elements-1c3ed0d177400a9dbd7a59611189d33b wp-block-paragraph"><strong>Conclusion:</strong></p>



<p class="has-background-color has-vivid-red-background-color has-text-color has-background has-link-color wp-elements-5cea64543f8e326bb851f61206cc631a wp-block-paragraph"><strong>Connaître ses droits, les indices de réparabilité et les garanties aident à mieux choisir ses appareils et à les faire réparer plutôt que les remplacer.</strong><br><strong>Les garanties légales et commerciales offrent aujourd’hui une protection plus longue et des services utiles en cas de panne</strong> .</p>

<p>Service après-vente et réparabilité: Un moment de vérité Voici une petite histoire que j&#8217;ai vécue très récemment et qui peut intéresser les consommateurs et aussi les auto-réparateurs que nous sommes. Je ne vais pas nommer le vendeur et le fabricant de l&#8217;appareil en question car je pense que cette histoire est assez représentative du rapport [&hellip;]</p>
